1111001011110
In base 4, what is 11203002 - -10?
11203012
In base 7, what is 1 + 10440510?
10440511
In base 13, what is 67 + -ab1?
-a47
In base 4, what is -2113 + 200?
-1313
In base 5, what is 3414440 - -10?
3420000
In base 8, what is 11 - 626047?
-626036
In base 15, what is -2 + 40e37?
40e35
In base 11, what is -1a + -274?
-293
In base 10, what is 23 - 14905?
-14882
In base 12, what is 5 - -21800?
21805
In base 9, what is 3 - -18817?
18821
In base 2, what is -11110100110100110 - -101?
-11110100110100001
In base 4, what is 133320 + 31011?
230331
In base 6, what is -4 - -100553?
100545
In base 14, what is 57b - -13?
590
In base 15, what is -8c + 6ae?
622
In base 11, what is 5a11 - -14?
5a25
In base 3, what is -110010 - 10122?
-120202
In base 16, what is -1 + -21e?
-21f
In base 11, what is -a - 13689?
-13698
In base 10, what is 472 - -9?
481
In base 9, what is 1366 + -35?
1331
In base 13, what is 26 - -11538?
11561
In base 8, what is 240 + -14647?
-14407
In base 15, what is -8d + 195?
107
In base 3, what is -11 - 20201102201?
-20201102212
In base 3, what is 22211 + -10020?
12121
In base 6, what is -1010424 + 3?
-1010421
In base 8, what is -12535 + 534?
-12001
In base 4, what is -3 - 301303200?
-301303203
In base 8, what is -156105 - 37?
-156144
In base 2, what is 1011 - -110000001011110?
110000001101001
In base 16, what is dbe - -41?
dff
In base 7, what is 3 - -1315315?
1315321
In base 3, what is 10100202 + -101?
10100101
In base 3, what is 0 + -200011022210?
-200011022210
In base 9, what is -2852114 - -3?
-2852111
In base 16, what is -4ef18 + -5?
-4ef1d
In base 11, what is 7a29 + -6?
7a23
In base 15, what is -5 - -236d?
2368
In base 2, what is -111010101 - 1?
-111010110
In base 3, what is -10 + -102112102?
-102112112
In base 13, what is -714a5 + 2?
-714a3
In base 5, what is 101 - -101044?
101200
In base 12, what is 0 + 14ab5?
14ab5
In base 14, what is -10c5d7 + -4?
-10c5db
In base 16, what is 48 + -3238?
-31f0
In base 9, what is -30540 + 15?
-30524
In base 2, what is 1111 - -1010110100?
1011000011
In base 16, what is 7c3d + 3?
7c40
In base 12, what is ab + 69a9?
6a98
In base 12, what is 1b54 - -2?
1b56
In base 2, what is 10001101 + 1110111101100?
1111001111001
In base 11, what is 215518 + -4?
215514
In base 4, what is -11102 - 1133?
-12301
In base 7, what is -5 + 212416?
212411
In base 3, what is -211022000 - 11?
-211022011
In base 2, what is -101 - -1101111000111011111?
1101111000111011010
In base 9, what is 6 + -25487?
-25481
In base 3, what is 1002220 + -20020?
212200
In base 8, what is -3 + -2031635?
-2031640
In base 11, what is -19 - -64a63?
64a45
In base 14, what is -5562 + -38?
-559a
In base 4, what is -3133033 - 3002?
-3202101
In base 12, what is 717 + -13?
704
In base 3, what is -2 - -1111100?
1111021
In base 3, what is 1101011 + -2?
1101002
In base 6, what is -453200 - -1?
-453155
In base 12, what is 5413 + -14?
53bb
In base 2, what is 11 - -101100000000111111?
101100000001000010
In base 13, what is -44 + -acb4?
-b028
In base 3, what is 1111000212 + -12?
1111000200
In base 9, what is 741 - -345?
1186
In base 4, what is -3 - -2223203?
2223200
In base 14, what is -a + -3356?
-3362
In base 3, what is -1102021012 + -10?
-1102021022
In base 16, what is 0 - -988?
988
In base 4, what is -31101 + -113031?
-210132
In base 12, what is -62 - -10619?
10577
In base 4, what is -2012231 + 11?
-2012220
In base 8, what is 3 - 20721?
-20716
In base 7, what is -15 + -16303?
-16321
In base 16, what is 25c - -602?
85e
In base 5, what is 10 - -141300330?
141300340
In base 14, what is 156 + 2d1?
447
In base 9, what is 223207 - -18?
223226
In base 5, what is -10004204 - -4?
-10004200
In base 8, what is -3 - 423317?
-423322
In base 8, what is -76031 - 5?
-76036
In base 13, what is -1b - 27bb?
-2809
In base 12, what is -2642 - -93?
-256b
In base 2, what is 11000001110 - 10010010?
10101111100
In base 15, what is 13caa0 + 5?
13caa5
In base 7, what is 1366 + -32?
1334
In base 9, what is -38478 - 1?
-38480
In base 15, what is 24285 + -1?
24284
In base 11, what is -4789 + 6?
-4783
In base 3, what is -1002 - -12122100110?
12122022101
In base 16, what is -d - b411?
-b41e
In base 13, what is -10 + -7545?
-7555
In base 10, what is -480 + -16?
-496
In base 11, what is -15087 - 5?
-15091
In base 6, what is 3531432 + 4?
3531440
In base 6, what is -14 - 1143035?
-1143053
In base 6, what is -2031 + 115?
-1512
In base 8, what is 5 + 537?
544
In base 4, what is -21001330 + 0?
-21001330
In base 3, what is 11 + -1001000001?
-1000222220
In base 8, what is 5 - -27732?
27737
In base 8, what is -160 + -4401?
-4561
In base 3, what is -11 - 21221100020?
-21221100101
In base 11, what is -5252 + 8?
-5245
In base 16, what is 14ae0 + -3?
14add
In base 5, what is 304423 - 1432?
302441
In base 2, what is -10010101110100010 - 1111?
-10010101110110001
In base 2, what is -101001001010100 - 101?
-101001001011001
In base 15, what is 10569 - -3?
1056c
In base 10, what is -98 + 40936?
40838
In base 16, what is -e2ce - 0?
-e2ce
In base 8, what is 624214 - 0?
624214
In base 4, what is 1 + -22121203?
-22121202
In base 2, what is -1011011011010 + -111110?
-1011100011000
In base 7, what is -4310 + 10?
-4300
In base 15, what is 640 + -5?
63a
In base 14, what is -1041 + 4?
-103b
In base 12, what is 36aa + -1?
36a9
In base 13, what is 29 - -30aa5?
30b01
In base 4, what is -211 + -13231022?
-13231233
In base 5, what is -10440420 - -4?
-10440411
In base 4, what is -1100110 + 13?
-1100031
In base 12, what is -417b6 + -4?
-417ba
In base 7, what is 622236 - 2?
622234
In base 4, what is -12 - -1121023011?
1121022333
In base 12, what is 4a55 - 8?
4a49
In base 5, what is -110133214 - 2?
-110133221
In base 16, what is 76 - 15e2?
-156c
In base 3, what is -122122 - 12011?
-211210
In base 4, what is -101101301 - -3?
-101101232
In base 4, what is 11032001 + -3?
11031332
In base 11, what is -3a09 + -16?
-3a24
In base 5, what is 3 + -30323?
-30320
In base 7, what is -4 + 335262?
335255
In base 14, what is 1 - -2d6b8?
2d6b9
In base 9, what is 8 - -163468?
163477
In base 5, what is 1024212 - 10?
1024202
In base 12, what is 1ba4 - -10?
1bb4
In base 13, what is 3052 - -1?
3053
In base 15, what is -3 + -46598?
-4659b
In base 12, what is -22 + a551?
a52b
In base 4, what is -10130111010 + -2?
-10130111012
In base 7, what is -123 - -21363?
21240
In base 2, what is 10100100111000010010 + 11?
10100100111000010101
In base 3, what is 2010 - -222211?
1001221
In base 8, what is 7 - 137043?
-137034
In base 11, what is -93 + -13973?
-13a56
In base 3, what is 2111 - 121201?
-112020
In base 4, what is 11 - -2131001?
2131012
In base 6, what is 2 - 14235040?
-14235034
In base 11, what is 66862a + 5?
668634
In base 7, what is -2 + 30266?
30264
In base 4, what is -1230 - -32031?
30201
In base 3, what is 2 + 220201012222?
220201020001
In base 7, what is -104 - -23?
-51
In base 12, what is -9 - -60a00?
609b3
In base 7, what is -41 + -13651?
-14022
In base 11, what is -649 - 524?
-1072
In base 9, what is -341 - 331?
-672
In base 2, what is -11111011001100 - 1101100?
-11111100111000
In base 11, what is 3 + -a75a1?
-a7599
In base 9, what is -2 - 2072?
-2074
In base 8, what is -1166 + -74?
-1262
In base 5, what is -1134 - -2344?
1210
In base 6, what is 455 + 24024?
24523
In base 6, what is -1025 + -1254?
-2323
In base 6, what is -310540 - 55?
-311035
In base 11, what is -1 + 1531?
1530
In base 3, what is -12 - -1102100022?
1102100010
In base 13, what is -5 + 199?
194
In base 6, what is 5250010 + 2?
5250012
In base 15, what is 419 + -890?
-476
In base 11, what is 83 + a387?
a45a
In base 6, what is 151013 - -2?
151015
In base 6, what is 4212552 + 5?
4213001
In base 2, what is -10 - 11110101101010111011?
-11110101101010111101
In base 14, what is 516c9 - -1b?
51706
In base 16, what is -3f - 288?
-2c7
In base 3, what is -112 - -1120100?
1112211
In base 13, what is 1b05 - 317?
17bb
In base 12, what is -3 - -696a?
6967
In base 5, what is -3441332 + -10?
-3441342
In base 13, what is a23 + 40?
a63
In base 7, what is 2 + 1245440?
1245442
In base 16, what is -8 - fcc?
-fd4
In base 13, what is 21 - -15094?
150b5
In base 6, what is 15235150 + 5?
15235155
In base 6, what is 3 - -5521?
5524
In base 16, what is -45c98 - 0?
-45c98
In base 9, what is 12677375